. What is the units digit of w(y)?
2
Suppose 0 = 5*n - 94 - 41. Let h(r) = -n*r + 17 + 5*r - 16. What is the tens digit of h(-1)?
2
Let u(h) = -2*h - 20. Let z be u(-10). Suppose 0 = 3*k - 4*k. Suppose k = -3*d + 2*a + 143, -6*d + d + 5*a + 240 = z. What is the tens digit of d?
4
Suppose 2*q + 8 = 4*q. Let d(n) = n**3 - n**2 + n - 1. Let i(m) = 3*m**3 - m - 2. Let o(b) = 4*d(b) - i(b). What is the tens digit of o(q)?
1
Suppose 0*s + 3*s - 18 = 0. Let d = s - 2. Suppose -2*f + d*f - 12 = 0. What is the units digit of f?
6
Suppose 0 = -0*t + 2*t. Let h be 5 + -1 + (0 - t). Suppose h*m = 64 - 16. What is the units digit of m?
2
Suppose 28 = 6*p - 44. Suppose -p*t + 11 = -11*t. What is the units digit of t?
1
Let g(f) be the third derivative of -f**4/6 + 17*f**3/6 - 2*f**2. Let i(l) = -l**2 - 7*l - 6. Let n be i(-7). What is the units digit of g(n)?
1
Let l(f) = -8*f. Let o be l(-5). Let t be 2 + 14*(-3)/2. Let x = t + o. What is the tens digit of x?
2
Let j(p) = 3*p**2 + 2. Let f be j(0). Suppose 0 = 5*b + m - 135, -5*b + f*b + 3*m = -81. What is the tens digit of b?
2
Let j be 45/(-2) - 16/(-32). Let o = j + 27. Suppose -h - 3*t = -25, 0*h + 5*t = -o*h + 95. What is the units digit of h?
6
Suppose 23 = 4*f - 3*b, -3*f - b + 21 = -4*b. Let y be f/3*6/(-4). What is the units digit of -7*(-2 - y) - 0?
7
Let v = 106 + 878. What is the units digit of v?
4
Let j(b) = 12*b**3 + b. Let y be j(-1). Let x = -17 - y. What is the units digit of (-6)/x*30/9?
5
Suppose 380*c - 378*c = 1582. What is the hundreds digit of c?
7
Let m(g) be the second derivative of 0 + 1/20*g**5 - 2*g + 7/12*g**4 + 2/3*g**3 - 7/2*g**2. What is the units digit of m(-6)?
5
Let b(p) = -7*p**3 + p**2 - 1. Let g be b(1). Let o(n) = -7*n**2. Let j(m) = 14*m**2. Let t(a) = g*o(a) - 3*j(a). What is the units digit of t(1)?
7
Let r(c) = -2*c**2 - 18*c - 14. Let s be r(-7). Suppose -2631 = -s*h + 449. What is the hundreds digit of h?
2
Let r = 22 + 37. Let w = 64 - r. What is the units digit of w?
5
Suppose 0 = -q + 2*f + 1117, q - f - 1152 = -6*f. What is the thousands digit of q?
1
Suppose -b = -5*b - 16. Let x be (6/b)/((-4)/8). Let j = 10 + x. What is the tens digit of j?
1
Suppose -6*l = -36 + 12. What is the tens digit of ((-2)/((-6)/51))/1 - l?
1
Let f(m) = -17*m**3 - 2*m**2 - 3*m - 3. Let h be 3/(-9) - (-35)/(-21). What is the hundreds digit of f(h)?
1
Suppose -4*k - 2*v = -8958, 44*k - 47*k + 3*v = -6696. What is the hundreds digit of k?
2
Suppose -t - 2*x - 8 = 3*x, 3*x + 3 = 0. Let q be (t + 2)/((-3)/(-249)). Let v = 136 + q. What is the tens digit of v?
5
Suppose 7*r = r + 294. Suppose 6*n + 13 = r. What is the units digit of n?
6
Let k(p) be the second derivative of -p**3/3 + 3*p**2 - p. Let f be k(8). Let x(v) = -v**3 - 11*v**2 - 15*v - 2. What is the units digit of x(f)?
8
Suppose 4*l = -t - 25, 0 = -5*t + t - 4*l - 64. Let s = t - -24. Let c = s - -13. What is the units digit of c?
4
Let i(k) = -k**3 + 11*k**2 - k + 16. Let f be 2 - (4 + 0) - -13. Let o be i(f). Suppose 290 = 5*d + 4*a, -3*d + o*d - 5*a - 83 = 0. What is the tens digit of d?
5
Let t = -4822 - -11240. What is the tens digit of t?
1
Let x(u) = 2*u**2 + 26*u + 34. What is the units digit of x(-19)?
2
Suppose 0 = -6*i + 944 + 640. What is the hundreds digit of i?
2
What is the units digit of (92/(-115))/(-2*(-1)/(-460))?
4
Let g(r) = -r + 5. Let x be g(9). Let j = 2 + x. Let u(b) = -2*b**3 - 2*b**2 + b + 1. What is the units digit of u(j)?
7
Let h(m) = -m**3 - 10*m**2 + m + 14. Let v be h(-10). Suppose 3*i - 38 = k + 24, v*k = -3*i + 67. What is the tens digit of i?
2
Suppose -4*d + t = 63, t - 44 = 5*d + 34. Let s = d - -35. What is the tens digit of s?
2
Let k = -8 - -11. Suppose u = 4*u, k*u = 4*z - 16. Suppose 157 = z*m - 23. What is the units digit of m?
5
Suppose 0 = -3*b + 5*k + 2340, 705 + 95 = b + 5*k. What is the tens digit of b?
8
Let m(h) = -h**2 - 8*h + 16. Let z be m(-9). Suppose s + 5*l - 38 = 0, -3*l - 5 = z. What is the tens digit of s?
5
Let s(v) = -v**2 - 24*v - 22. Let t be s(-17). Let p = 141 - t. What is the units digit of p?
4
Let g(u) = 14*u**2 + 8*u - 94. What is the units digit of g(8)?
6
Let n(s) = s**2 - 7. Let z be n(-6). Let b = 60 - z. What is the units digit of b?
1
Let w(z) = -3*z - 12. Let m be w(-6). Suppose -2*u + 3*a + m = 2*a, -4*u + 3*a = -10. Suppose -u*p = -3*p - 10. What is the tens digit of p?
1
Let f(p) = p**3 - 8*p**2 + 13*p - 9. Let k be f(6). What is the tens digit of k/(-7) - 31042/(-154)?
0
Suppose l = 9*l - 3112. Suppose 7*g - 1054 = -l. What is the units digit of g?
5
Let n(b) = 6*b + 1743. What is the tens digit of n(0)?
4
Let w(x) = x**3 - 25*x**2 + 27*x. Let t(h) = h**3 + 12*h**2 - 29*h + 10. Let i be t(-14). What is the units digit of w(i)?
2
Let c be 5/(1/((-8)/(-20))). Let y be (3/c)/(1/14). What is the units digit of (-4)/(-8) + y/6?
4
Suppose 0 = 4*g + 4*z + 40, -3*z - 20 = 2*g + 2. What is the tens digit of 139 - g/(-8)*(-1 + -1)?
4
Suppose 39 = u - 0*u. Let o be (24/20)/(1/5). Suppose z + o = u. What is the units digit of z?
3
Let w = -41 + 43. Suppose 0 = -5*d + w*v + 364, 0 = d - 2*v - 2*v - 62. What is the units digit of d?
4
Suppose -5*c + 13 = 3. Suppose 0 = -b + 4*w + 105, -c*b + 0*b + 196 = -w. What is the units digit of b?
7
Let l(q) = -5*q - 17. Let m be l(-4). Suppose 5*f - w - 103 = 755, -864 = -5*f + m*w. What is the units digit of f?
1
Let w = 314 - 215. What is the tens digit of w?
9
Let b(a) = 69*a - 48. What is the units digit of b(4)?
8
Let o = 305 + 752. Let c = -752 + o. What is the hundreds digit of c?
3
What is the thousands digit of -2*(-8 - 7566/12)?
1
Let s be (6/9)/(2/(-21)). Let v(r) = -2*r + 1. Let y(o) = -1. Let l(b) = v(b) - y(b). What is the tens digit of l(s)?
1
Let x be 1*(14 + 1) - 2. Let g = x - 8. Suppose g*o - 39 = -h, 2*o - 2*h + 2 = 8. What is the units digit of o?
7
Suppose 2*j = 139 + 33. Suppose 3*g = -2*p + g + j, -2*g - 144 = -3*p. What is the units digit of p?
6
Let b be (-1)/((-3)/(9 - -3)). Suppose 0 = b*o - 4*i - 12, 3*o = 6*o - i - 11. Suppose 4*p = -5*j + 118, o*j - 5*p - 36 = 83. What is the tens digit of j?
2
Let t = -60 + 59. Let n = 271 - t. What is the tens digit of n?
7
Let p(g) = 7*g**2 - 6*g - 12. Suppose -21 = -4*h - i, -3*h + 5*i = -2*h. What is the tens digit of p(h)?
3
Suppose -3*y + 19777 = 4*t - 5*t, -5*t + 6587 = y. What is the hundreds digit of y?
5
Suppose -18*h + 23*h = -5. Let i be h/(-2) + (-21)/(-6). Suppose -i*d + 39 = -d. What is the tens digit of d?
1
Suppose 0*t + 3*t - 10 = v, -2*t + 20 = 2*v. Suppose 0 = -r - t*x + 215, -2*x + 1115 = 5*r + 3*x. What is the tens digit of r?
2
What is the units digit of (-2 - 19/(-10)) + 4581306/860?
7
Let q = 20 + -18. Let y(h) = -12*h - 2*h**q + 2*h + h**2 - 9. What is the units digit of y(-6)?
5
Let a = 8 + -2. Let w be 69/((-15)/a - -4). Let q = 2 + w. What is the tens digit of q?
4
Suppose -7*t + 3*t = -352. Suppose t + 61 = i. What is the units digit of i?
9
Let t(i) be the first derivative of -i**2/2 + 45*i + 2. Let g = 272 + -272. What is the tens digit of t(g)?
4
Let w(r) = r**2 + 5*r - 44. Let z be w(-10). Suppose -4*t - 3*m = -101, z*t - 4*m = 4*t + 78. What is the units digit of t?
9
Let y = 43 + -35. Let f = y + -2. Suppose f*o = 10*o - 92. What is the units digit of o?
3
Let h(w) be the third derivative of w**5/60 + w**4/24 - 113*w**3/6 - 10*w**2. Let j be h(0). Let c = j - -160. What is the tens digit of c?
4
Let x(v) = 29*v - 6. Let l(k) = -k + 1. Let p(g) = -3*l(g) - x(g). What is the tens digit of p(-2)?
5
Suppose -4*s - f + 1563 = 0, -2*s + 1175 = s - 2*f. What is the hundreds digit of s?
3
Let m = 234 - 144. What is the units digit of (-1338)/(-5) - (-36)/m?
8
Let v be 7 + -1*(-4 + 8). Suppose -111 - 99 = -v*p. What is the units digit of p?
0
Suppose -4*k + 22*k = 15264. What is the tens digit of k?
4
Let r(f) = f**2 - 4*f + 5. Let m be r(4). Suppose -45 = -31*x + 26*x. Suppose m*d - 49 + x = 0. What is the units digit of d?
8
Suppose -s - 14 = -4. Let y(l) be the first derivative of l**2/2 + 20*l + 88. What is the tens digit of y(s)?
1
Let b(m) = 2*m**2 + 5*m + 2. Suppose -4*k + 8 + 4 = 0. Suppose 3*n = -f - 7 - k, -3*n - 3*f = 0. What is the tens digit of b(n)?
2
Suppose 5*f + 421 + 54 = 0. What is the tens digit of -3